{"id":14,"date":"2018-11-13T20:11:13","date_gmt":"2018-11-13T20:11:13","guid":{"rendered":"http:\/\/meierpatrick.ch\/?page_id=14"},"modified":"2025-09-25T08:42:36","modified_gmt":"2025-09-25T08:42:36","slug":"ueber-mich","status":"publish","type":"page","link":"https:\/\/meierpatrick.ch\/?page_id=14","title":{"rendered":"\u00fcber mich"},"content":{"rendered":"<h4>Pers\u00f6nlich<\/h4>\n<ul>\n<li>verheiratet mit Gabriela, Vater von Rafael (Jg 93) und David (Jg 95)<\/li>\n<li>Beruf: Vorsteher Amt f\u00fcr Volksschulen und Sport Kanton Nidwalden, Dozent Mathematik und Informatik und deren Didaktiken<\/li>\n<li>Hobbies: Ausdauersport, Skilanglauf, Bike<\/li>\n<\/ul>\n<h4>Ausbildungen<\/h4>\n<ul>\n<li>Dissertation (Universit\u00e4t Hildesheim)<\/li>\n<li>Master in Erziehungswissenschaft (Unversit\u00e4t Basel \/ PH FHNW)<\/li>\n<li>Master eLearning und Knowledge Management (Universit\u00e4t Luzern)<\/li>\n<li>DAS Mathematikdidaktik (Universit\u00e4t Bern)<\/li>\n<li>CAS Hochschuldidaktik (PH Z\u00fcrich)<\/li>\n<li>Kaderbildung in Medienerziehung (KAMEZ), (Bildungsplanung Zentralschweiz)<\/li>\n<li>NDK ICT an Schulen (PH Zentralschweiz)<\/li>\n<li>Schulleiterausbildung (Forum f\u00fcr F\u00fchrungskr\u00e4fte)<\/li>\n<li>Skilehrer Skilanglauf und Ski alpin (beide Stufe I)<\/li>\n<li>Sekundarlehrer phil II (Naturwissenschaften) (Universit\u00e4t Z\u00fcrich)<\/li>\n<li>Primarlehrer (Kantonales Lehrerseminar Luzern)<\/li>\n<\/ul>\n<p><strong>Aktive T\u00e4tigkeiten<\/strong><\/p>\n<ul>\n<li>Vorstand soziale Wohnbaugenossenschaft Pro Familia Root, Pr\u00e4sident (1996)<\/li>\n<li>Mitglied und Leiter Skiclub Horw Skilanglauf (1984)<\/li>\n<li>Vorstand TCS Luzern, Ob- und Nidwalden (2015)<\/li>\n<li>Vorstand Kirchgemeindeverband Rontal (2021)<\/li>\n<\/ul>\n<p><strong>ehemalige berufliche und nebenberufliche\u00a0 T\u00e4tigkeiten<\/strong><\/p>\n<ul>\n<li>Fach- und Klassenlehrer Sekundarstufe I Hochdorf, Root und Luzern<\/li>\n<li>Lehrer am Vorkurs f\u00fcr das Technikum<\/li>\n<li>Lehrer am Vorkurs f\u00fcr die Berufsmaturit\u00e4t<\/li>\n<li>Sektionschef Root und Weggis (Nebenamt)<\/li>\n<li>Schulhausleiter Hubelmatt Luzern<\/li>\n<li>Rektor Schule Ebikon und Cham<\/li>\n<li>Fachlehrer an der IPH (Interkantonale Polizeischule Hitzkirch)<\/li>\n<\/ul>\n<h4>ehemalige T\u00e4tigkeiten<\/h4>\n<ul>\n<li>Oberst a.D.,<\/li>\n<li>20 Jahre J+S Experte Skilanglauf (1997 &#8211; 2017)<\/li>\n<li>16 Jahre Feuerwehr Root, Offizier (1991 &#8211; 2007)<\/li>\n<li>12 Jahre Kantonsrat Luzern (2003 &#8211; 2015)<\/li>\n<li>12 Jahre Sportf\u00f6rderungskommission (8 Jahre Pr\u00e4sident) (2005 &#8211; 2017)<\/li>\n<li>12 Jahre Vorstand Wahlkreis CVP Luzern Land (8 Jahre Pr\u00e4sident) (2003 &#8211; 2014)<\/li>\n<li>12 Jahre Chef Wettkampf, Krienser Waffenlauf (1991 &#8211; 2003)<\/li>\n<li>10 Jahre Mitglied der TK SC Horw (Biathlon, J+S)<\/li>\n<li>9 Jahre Stiftungsrat St. Klemens (2006 &#8211; 2015)<\/li>\n<li>9 Jahre Stiftungsrat Alterssiedlung Root (2016 &#8211; 2025)<\/li>\n<li>8 Jahre OK Midsummernight Multisportevent, Verantwortlicher Administration und OK Pr\u00e4sident (2x)<\/li>\n<li>6 Jahre Pr\u00e4sident Biathlonverband Zentralschweiz (1993 &#8211; 1998)<\/li>\n<li>5 Jahre Gemeindeverantwortlicher Pro Juventute Root (1992 &#8211; 1997)<\/li>\n<li>5 Jahre Verbandsrat Lehrerinnen und Lehrerverein (1994 &#8211; 1999)<\/li>\n<li>5 Jahre Pr\u00e4sident Sekundarlehrerverein des Kantons Luzern (1994 &#8211; 1999)<\/li>\n<li>Mitglied Samichlausgesellschaft Root<\/li>\n<li>Mitglied Samichlausgesellschaft Horw<\/li>\n<li>Mitglied Verband Luzerner Sektionschefs<\/li>\n<\/ul>\n<h4>Vereine \/ Interessenbindungen<\/h4>\n<ul>\n<li>Skiclub Horw und Root<\/li>\n<li>Pistolenclub Horw<\/li>\n<li>Offiziersverein Luzern<\/li>\n<li>Universit\u00e4tsverein Luzern<\/li>\n<li>Artillerieverein Luzern<\/li>\n<li>Midsummernight Club Root<\/li>\n<li>TCS Waldst\u00e4tte<\/li>\n<li>Hauseigent\u00fcmerverband<\/li>\n<\/ul>\n","protected":false},"excerpt":{"rendered":"<p>Pers\u00f6nlich verheiratet mit Gabriela, Vater von Rafael (Jg 93) und David (Jg 95) Beruf: Vorsteher Amt f\u00fcr Volksschulen und Sport Kanton Nidwalden, Dozent Mathematik und Informatik und deren Didaktiken Hobbies: Ausdauersport, Skilanglauf, Bike Ausbildungen Dissertation (Universit\u00e4t Hildesheim) Master in Erziehungswissenschaft (Unversit\u00e4t Basel \/ PH FHNW) Master eLearning und Knowledge Management (Universit\u00e4t Luzern) DAS Mathematikdidaktik (Universit\u00e4t &hellip; <\/p>\n<p class=\"link-more\"><a href=\"https:\/\/meierpatrick.ch\/?page_id=14\" class=\"more-link\"><span class=\"screen-reader-text\">\u201e\u00fcber mich\u201c <\/span>weiterlesen<\/a><\/p>\n","protected":false},"author":1,"featured_media":0,"parent":0,"menu_order":0,"comment_status":"closed","ping_status":"closed","template":"","meta":{"footnotes":""},"class_list":["post-14","page","type-page","status-publish","hentry"],"_links":{"self":[{"href":"https:\/\/meierpatrick.ch\/index.php?rest_route=\/wp\/v2\/pages\/14","targetHints":{"allow":["GET"]}}],"collection":[{"href":"https:\/\/meierpatrick.ch\/index.php?rest_route=\/wp\/v2\/pages"}],"about":[{"href":"https:\/\/meierpatrick.ch\/index.php?rest_route=\/wp\/v2\/types\/page"}],"author":[{"embeddable":true,"href":"https:\/\/meierpatrick.ch\/index.php?rest_route=\/wp\/v2\/users\/1"}],"replies":[{"embeddable":true,"href":"https:\/\/meierpatrick.ch\/index.php?rest_route=%2Fwp%2Fv2%2Fcomments&post=14"}],"version-history":[{"count":17,"href":"https:\/\/meierpatrick.ch\/index.php?rest_route=\/wp\/v2\/pages\/14\/revisions"}],"predecessor-version":[{"id":370,"href":"https:\/\/meierpatrick.ch\/index.php?rest_route=\/wp\/v2\/pages\/14\/revisions\/370"}],"wp:attachment":[{"href":"https:\/\/meierpatrick.ch\/index.php?rest_route=%2Fwp%2Fv2%2Fmedia&parent=14"}],"curies":[{"name":"wp","href":"https:\/\/api.w.org\/{rel}","templated":true}]}}

über mich

<h4>Persönlich</h4>
<ul>
<li>verheiratet mit Gabriela, Vater von Rafael (Jg 93) und David (Jg 95)</li>
<li>Beruf: Vorsteher Amt für Volksschulen und Sport Kanton Nidwalden, Dozent Mathematik und Informatik und deren Didaktiken</li>
<li>Hobbies: Ausdauersport, Skilanglauf, Bike</li>
</ul>
<h4>Ausbildungen</h4>
<ul>
<li>Dissertation (Universität Hildesheim)</li>
<li>Master in Erziehungswissenschaft (Unversität Basel / PH FHNW)</li>
<li>Master eLearning und Knowledge Management (Universität Luzern)</li>
<li>DAS Mathematikdidaktik (Universität Bern)</li>
<li>CAS Hochschuldidaktik (PH Zürich)</li>
<li>Kaderbildung in Medienerziehung (KAMEZ), (Bildungsplanung Zentralschweiz)</li>
<li>NDK ICT an Schulen (PH Zentralschweiz)</li>
<li>Schulleiterausbildung (Forum für Führungskräfte)</li>
<li>Skilehrer Skilanglauf und Ski alpin (beide Stufe I)</li>
<li>Sekundarlehrer phil II (Naturwissenschaften) (Universität Zürich)</li>
<li>Primarlehrer (Kantonales Lehrerseminar Luzern)</li>
</ul>
<p><strong>Aktive Tätigkeiten</strong></p>
<ul>
<li>Vorstand soziale Wohnbaugenossenschaft Pro Familia Root, Präsident (1996)</li>
<li>Mitglied und Leiter Skiclub Horw Skilanglauf (1984)</li>
<li>Vorstand TCS Luzern, Ob- und Nidwalden (2015)</li>
<li>Vorstand Kirchgemeindeverband Rontal (2021)</li>
</ul>
<p><strong>ehemalige berufliche und nebenberufliche  Tätigkeiten</strong></p>
<ul>
<li>Fach- und Klassenlehrer Sekundarstufe I Hochdorf, Root und Luzern</li>
<li>Lehrer am Vorkurs für das Technikum</li>
<li>Lehrer am Vorkurs für die Berufsmaturität</li>
<li>Sektionschef Root und Weggis (Nebenamt)</li>
<li>Schulhausleiter Hubelmatt Luzern</li>
<li>Rektor Schule Ebikon und Cham</li>
<li>Fachlehrer an der IPH (Interkantonale Polizeischule Hitzkirch)</li>
</ul>
<h4>ehemalige Tätigkeiten</h4>
<ul>
<li>Oberst a.D.,</li>
<li>20 Jahre J+S Experte Skilanglauf (1997 &#8211; 2017)</li>
<li>16 Jahre Feuerwehr Root, Offizier (1991 &#8211; 2007)</li>
<li>12 Jahre Kantonsrat Luzern (2003 &#8211; 2015)</li>
<li>12 Jahre Sportförderungskommission (8 Jahre Präsident) (2005 &#8211; 2017)</li>
<li>12 Jahre Vorstand Wahlkreis CVP Luzern Land (8 Jahre Präsident) (2003 &#8211; 2014)</li>
<li>12 Jahre Chef Wettkampf, Krienser Waffenlauf (1991 &#8211; 2003)</li>
<li>10 Jahre Mitglied der TK SC Horw (Biathlon, J+S)</li>
<li>9 Jahre Stiftungsrat St. Klemens (2006 &#8211; 2015)</li>
<li>9 Jahre Stiftungsrat Alterssiedlung Root (2016 &#8211; 2025)</li>
<li>8 Jahre OK Midsummernight Multisportevent, Verantwortlicher Administration und OK Präsident (2x)</li>
<li>6 Jahre Präsident Biathlonverband Zentralschweiz (1993 &#8211; 1998)</li>
<li>5 Jahre Gemeindeverantwortlicher Pro Juventute Root (1992 &#8211; 1997)</li>
<li>5 Jahre Verbandsrat Lehrerinnen und Lehrerverein (1994 &#8211; 1999)</li>
<li>5 Jahre Präsident Sekundarlehrerverein des Kantons Luzern (1994 &#8211; 1999)</li>
<li>Mitglied Samichlausgesellschaft Root</li>
<li>Mitglied Samichlausgesellschaft Horw</li>
<li>Mitglied Verband Luzerner Sektionschefs</li>
</ul>
<h4>Vereine / Interessenbindungen</h4>
<ul>
<li>Skiclub Horw und Root</li>
<li>Pistolenclub Horw</li>
<li>Offiziersverein Luzern</li>
<li>Universitätsverein Luzern</li>
<li>Artillerieverein Luzern</li>
<li>Midsummernight Club Root</li>
<li>TCS Waldstätte</li>
<li>Hauseigentümerverband</li>
</ul>

<p>Persönlich verheiratet mit Gabriela, Vater von Rafael (Jg 93) und David (Jg 95) Beruf: Vorsteher Amt für Volksschulen und Sport Kanton Nidwalden, Dozent Mathematik und Informatik und deren Didaktiken Hobbies: Ausdauersport, Skilanglauf, Bike Ausbildungen Dissertation (Universität Hildesheim) Master in Erziehungswissenschaft (Unversität Basel / PH FHNW) Master eLearning und Knowledge Management (Universität Luzern) DAS Mathematikdidaktik (Universität &hellip; </p>
<p class="link-more"><a href="https://meierpatrick.ch/?page_id=14" class="more-link"><span class="screen-reader-text">„über mich“ </span>weiterlesen</a></p>
